j be (0 + -3)*(0 + 1). Let c be (j - -6)*(-160)/(-6). Let g = -17 + 27. What is the greatest common factor of g and c?
10
Let k(r) = -r + 10. Let s be k(8). Calculate the highest common divisor of s and 18.
2
Suppose -10*w + 48 = -8*w. Let t = -48 + 168. Calculate the greatest common divisor of w and t.
24
Let t be (-14)/21 - 2/(-3). Let k(j) = -3*j + 10. Let o be k(t). What is the highest common factor of o and 110?
10
Let z = 166 + 70. Let u = z + -29. Calculate the greatest common divisor of 23 and u.
23
Let g = 24 - 10. What is the highest common factor of g and 126?
14
Let p = -1 + 2. What is the highest common factor of p and 11?
1
Let l(d) = 14*d + 5. Suppose -2*k - 51 = -5*k + 4*s, 3*s = -3*k + 30. Let y be l(k). Suppose -5 = -h + 12. Calculate the greatest common divisor of y and h.
17
Let p = -10 + 16. Suppose -5*a + 19 = -1. Let i(v) = 3*v**2 - 3*v + 6. Let l be i(a). Calculate the highest common factor of l and p.
6
Let d(l) = -3*l + 7*l**2 + l - 2*l**2. Let b be d(2). Suppose -f + 107 - 27 = 0. Calculate the greatest common divisor of b and f.
16
Suppose 0 = -5*o - 5*t + 15, 3*o = -2*o - 3*t + 13. Suppose u - 11 = -2*k + 14, 5*u + 15 = 4*k. What is the highest common divisor of k and o?
2
Suppose 0 = 70*a - 75*a + 150. Suppose 13 - 43 = -2*l. Calculate the highest common divisor of l and a.
15
Let r(m) = m**3 + 5*m**2 + 3*m - 3. Let x be (-2)/8 + (-51)/(-12). Let p be r(x). Calculate the greatest common divisor of 17 and p.
17
Let l = -18 + 19. Calculate the greatest common divisor of 3 and l.
1
Suppose 2*t + 10 = -0*t, 137 = 2*p - 5*t. Suppose 5 = 3*k - 2*v - 2*v, -v + 25 = 3*k. What is the greatest common factor of p and k?
7
Suppose -6*q + 665 = 161. Let n be -3*((-6)/(-3) + -9). What is the greatest common factor of n and q?
21
Let f(w) = w**3 + 7*w**2 - 2. Let z be f(-6). Suppose -r - r = -z. Let m = 83 + -15. What is the highest common factor of m and r?
17
Let y = 3 - 2. Let s be (-340)/(-8)*2*y. Suppose 21 = -k + s. What is the greatest common factor of 8 and k?
8
Let u(v) = v - 5. Let k be u(7). Suppose -k*c + 4*l + 4 = -0, 24 = 4*c - 4*l. Let t = 130 + -40. Calculate the highest common factor of t and c.
10
Let n(m) = m**2 + 8*m - 11. Let v be n(-10). What is the highest common factor of 1 and v?
1
Let s = -24 + 31. Let x(c) = c**2 - c + 1. Let g be x(1). What is the greatest common factor of s and g?
1
Suppose 24 = 4*z + 8. Suppose -4*s + 1 = v + 17, 0 = v - s - z. Let i(c) = c + 35. Let m be i(v). What is the greatest common factor of 7 and m?
7
Suppose 4*g + 416 = 2*g. Let s = g - -307. Calculate the greatest common factor of 9 and s.
9
Let f be (228 + -85)*(2 - 1). Let d = -8 + 5. Let q be (-41)/d + 2/(-3). What is the highest common divisor of f and q?
13
Suppose 0 = 4*n + n. Let p = 3 + n. Suppose -3*d + 66 = -0*d + p*y, -5*d + y + 86 = 0. What is the highest common factor of d and 27?
9
Suppose -5*n - 30 = 4*d + d, -5*n = 10. Let t be (3/d)/(1/(-4)). Let f(r) = 2*r**2 - r - 3. Let z be f(3). What is the highest common factor of t and z?
3
Let u = -517 + 553. Let q(v) = v**2 - 2*v + 6. Let y be -1*2*(4 + -1). Let s be q(y). What is the greatest common factor of s and u?
18
Let n be (-4)/(2 - (-48)/(-26)). Let h = n + 68. Calculate the greatest common divisor of h and 14.
14
Suppose 96 = -3*o - o. Let k = 80 + o. What is the greatest common factor of 8 and k?
8
Suppose 4*o - 2 = 14. Let f = -5 + 33. Calculate the greatest common factor of o and f.
4
Let w be 6*19*23/69. Calculate the highest common divisor of w and 57.
19
Let v be ((-6)/3 + 1)*-3. Suppose 2*m = 5*y - 52, -5*m - v = 2. Let c = 7 + -3. Calculate the greatest common factor of y and c.
2
Let n be (-6)/4*(-440)/12. Let q = -6 + 4. Let r = n - q. What is the highest common factor of 19 and r?
19
Let p be ((-99)/18)/(1/(-8)). What is the highest common factor of 110 and p?
22
Let o(i) = -i**2 - 11*i + 3. Let j be o(-6). What is the highest common factor of j and 264?
33
Suppose 0 = 5*o - 9 - 6. Suppose 2*h - 2 = -0*h. What is the greatest common divisor of h and o?
1
Suppose -5*h + 380 = -h. Suppose -2*s + 110 - 34 = 0. What is the greatest common divisor of h and s?
19
Suppose -5*n + 6 - 30 = -4*t, t + 3*n = 23. Calculate the highest common divisor of 55 and t.
11
Let s(b) = -b**3 - 10*b**2 + 25*b - 21. Let i be s(-13). What is the highest common factor of i and 23?
23
Suppose j - 3*j = 4. Let a = 6 + j. What is the highest common divisor of a and 4?
4
Let o(g) = 20*g**2. Let m be o(-2). What is the greatest common divisor of 10 and m?
10
Suppose -5*o = 57 - 17. Let q = o - -16. Calculate the highest common divisor of 12 and q.
4
Suppose 15 + 75 = 5*o. Let n(g) = g - 2. Let m be n(4). Calculate the highest common factor of m and o.
2
Let x = -126 + 222. Calculate the highest common divisor of x and 32.
32
Let r(o) = -74*o**3 + 4*o**2 + 2*o - 2. Let z be r(-2). Suppose -2*d + 2*f = -7*d + z, -3 = -3*f. What is the greatest common divisor of 24 and d?
24
Let g(i) = i + 4. Let t be g(4). Let n = 68 - 36. Calculate the highest common factor of t and n.
8
Suppose 0 = 2*y - 5*b - 8, 0 = 4*y - 2*b - b - 44. What is the highest common factor of y and 112?
14
Suppose 5*g - 142 = 53. Let t = -28 + g. What is the greatest common divisor of 44 and t?
11
Suppose -37 = -9*o + 8. What is the highest common factor of 40 and o?
5
Let r = -31 - -111. Let z = 57 - 25. Calculate the highest common divisor of r and z.
16
Suppose -2*p + 74 = 2*c, c + 3 = -0*c. Let t = -27 + p. Suppose -2*d = -d - w - t, 0 = -4*d + 3*w + 49. Calculate the highest common factor of 90 and d.
10
Let i(w) = 2*w**2 - 6*w - 6. Let f be i(6). What is the greatest common divisor of f and 6?
6
Let k = -17 + 47. Let j be 4/(4/21) + -2. Let n = j + 1. What is the greatest common factor of k and n?
10
Suppose d - h - 439 = 0, h + 12 = 4*h. Suppose -4*o = 3 - d. What is the highest common divisor of 44 and o?
22
Suppose 42 = 4*h - h. Let r = -135 - -261. What is the highest common divisor of r and h?
14
Let t(b) = -18*b - 14. Let v be t(-7). What is the highest common factor of v and 14?
14
Let i(m) = -5 - 1 + 3 + 17*m. Let w be i(2). Suppose 4*x - w + 7 = 0. Calculate the greatest common divisor of 3 and x.
3
Let x = 16 + 182. Calculate the greatest common factor of x and 18.
18
Let i be (-3 - -2)*(-2 + 0). Let l = i + 22. Calculate the highest common divisor of 6 and l.
6
Let z(s) = -s**2 + 9*s - 6. Let g be z(6). Calculate the greatest common factor of 48 and g.
12
Suppose -6*m + 66 = -30. Suppose -5*u + 545 = -5*t, 195 + 32 = 2*u + t. What is the greatest common factor of m and u?
16
Suppose 48 = 27*h - 24*h. Calculate the greatest common factor of h and 112.
16
Let c = 3 + -1. Suppose 8 = 5*i - c. Let z = i + -1. What is the highest common divisor of 7 and z?
1
Let r(t) = -3*t + 4 + 3*t - 2*t**3 - 3. Let o be r(-1). Calculate the highest common divisor of 15 and o.
3
Suppose 10 = 5*q - 10*q. Let s be 1/q*-6 - -6. What is the greatest common divisor of s and 99?
9
Suppose 26 = 5*y + 1. Suppose -y*l + 159 = -161. Suppose -5*b - 1 = x + 2*x, -5*x + 2*b = -50. What is the highest common factor of x and l?
8
Let b = 78 + -28. Calculate the highest common divisor of 450 and b.
50
Let v = -10 - -4. Let j(c) = -2*c - 6. Let r be j(v). What is the greatest common divisor of r and 48?
6
Let v = 2 + 3. Suppose -v*d + 72 - 12 = 0. What is the highest common factor of d and 12?
12
Let m = -19 + 35. Calculate the greatest common factor of 24 and m.
8
Let c(k) = -14*k - 116. Let s be c(-10). What is the greatest common factor of s and 32?
8
Let a be -5 - -6 - -1*3. Calculate the greatest common factor of 52 and a.
4
Let x(p) = -2*p + 6. Let z be x(-6). Suppose c - 3*t - z = -2*t, 5*c = -4*t + 135. Suppose c = 5*b - 22. What is the highest common divisor of 99 and b?
9
Let s(b) = 3*b - 1. Let i be s(4). Calculate the highest common factor of 121 and i.
11
Let g be -4 + (-69)/(-15) + (-47)/(-5). Calculate the highest common factor of 30 and g.
10
Let a = -1 + 7. Let h(b) be the first derivative of -b**3/3 + 5*b**2 - 8*b + 1. Let u be h(a). What is the highest common divisor of u and 80?
16
Let y = 51 + -10. What is the greatest common divisor of 82 and y?
41
Suppose 5*a + 97 = -0*x + 4*x, -4*a = 3*x - 96. Calculat